{"id":23,"date":"2021-09-21T12:22:33","date_gmt":"2021-09-21T10:22:33","guid":{"rendered":"https:\/\/aquaferme.fr\/?page_id=23"},"modified":"2022-03-13T14:50:00","modified_gmt":"2022-03-13T13:50:00","slug":"les-conserves-et-produits-transformes","status":"publish","type":"page","link":"https:\/\/aquaferme.fr\/?page_id=23","title":{"rendered":"Les conserves et produits transform\u00e9s"},"content":{"rendered":"\n<p class=\"has-medium-font-size\"><strong>Vente de conserves artisanales<\/strong><\/p>\n\n\n\n<figure class=\"wp-block-image size-large\"><img loading=\"lazy\" decoding=\"async\" width=\"1024\" height=\"768\" src=\"https:\/\/aquaferme.fr\/wp-content\/uploads\/2021\/09\/Conserves-reduit-C-1024x768.jpg\" alt=\"\" class=\"wp-image-52\" srcset=\"https:\/\/aquaferme.fr\/wp-content\/uploads\/2021\/09\/Conserves-reduit-C-1024x768.jpg 1024w, https:\/\/aquaferme.fr\/wp-content\/uploads\/2021\/09\/Conserves-reduit-C-300x225.jpg 300w, https:\/\/aquaferme.fr\/wp-content\/uploads\/2021\/09\/Conserves-reduit-C-768x576.jpg 768w, https:\/\/aquaferme.fr\/wp-content\/uploads\/2021\/09\/Conserves-reduit-C-1536x1152.jpg 1536w, https:\/\/aquaferme.fr\/wp-content\/uploads\/2021\/09\/Conserves-reduit-C-2048x1536.jpg 2048w\" sizes=\"auto, (max-width: 1024px) 100vw, 1024px\" \/><figcaption>Les conserves artisanales \u00e0 base de truite<\/figcaption><\/figure>\n\n\n\n<p class=\"has-medium-font-size\">L\u2019aquaferme de Saint Pierre du Palais propose un panel de conserves artisanales \u00e0 base de truite, alliant des produits sains, naturels et de qualit\u00e9.<\/p>\n\n\n\n<p class=\"has-medium-font-size\"><strong>Les TARTINADES<\/strong><\/p>\n\n\n\n<p class=\"has-medium-font-size\"><strong>Nature<\/strong> 90g<\/p>\n\n\n\n<p class=\"has-medium-font-size\">Filets de truite frais et fum\u00e9s (60%), cr\u00e8me fra\u00eeche, \u0153ufs entiers, huile d\u2019olive, sel, poivre.<\/p>\n\n\n\n<p class=\"has-medium-font-size\"><strong>Piment d\u2019Espelette<\/strong> 90g<\/p>\n\n\n\n<p class=\"has-medium-font-size\">Filets de truite frais et fum\u00e9s (60%), cr\u00e8me fra\u00eeche, \u0153ufs entiers, piment d\u2019Espelette (1%), huile d\u2019olive, sel, poivre.<\/p>\n\n\n\n<p class=\"has-medium-font-size\"><strong>Noisette et Olives noires<\/strong> 90g<\/p>\n\n\n\n<p class=\"has-medium-font-size\">Filets de truite frais et fum\u00e9s (48%), cr\u00e8me fra\u00eeche, \u0153ufs entiers, olives noires (10%) , pralin et farine de noisette (9%), citron vert, sel, huile d\u2019olive.<\/p>\n\n\n\n<p class=\"has-medium-font-size\"><strong>TERRINES DE TRUITE<\/strong><\/p>\n\n\n\n<p class=\"has-medium-font-size\"><strong>Terrine de Truite Nature<\/strong> 140g<\/p>\n\n\n\n<p class=\"has-medium-font-size\">Filets de truite frais et fum\u00e9 (66%), cr\u00e8me fra\u00eeche, jaunes d\u2019\u0153ufs, sel, poivre.<\/p>\n\n\n\n<p class=\"has-medium-font-size\"><strong>Terrine de Truite \u00e0 l\u2019\u00e9chalote<\/strong> 140g<\/p>\n\n\n\n<p class=\"has-medium-font-size\">Filets de truite frais et fum\u00e9 (65%), cr\u00e8me fra\u00eeche, \u0153ufs de truite, \u00e9chalote (1%), sel, poivre.<\/p>\n\n\n\n<p class=\"has-medium-font-size\"><strong>SPECIALITES<\/strong><\/p>\n\n\n\n<p class=\"has-medium-font-size\"><strong>R\u00e9gal de Saintonge<\/strong> 140g<\/p>\n\n\n\n<p class=\"has-medium-font-size\">Filets de truite frais et fum\u00e9s (50%), cr\u00e8me fra\u00eeche, \u0153ufs de truite (12%), huile d\u2019olive, sel, poivre.<\/p>\n\n\n\n<p class=\"has-medium-font-size\"><strong>Brandade de truite<\/strong> 370g<\/p>\n\n\n\n<p class=\"has-medium-font-size\">Filets de truite (40%), fum\u00e9 de poisson, pomme de terre, huile d\u2019olive, sel, poivre, muscade, ail.<\/p>\n\n\n\n<p class=\"has-medium-font-size\"><strong>Miettes de truite Nature<\/strong> 140g<\/p>\n\n\n\n<p class=\"has-medium-font-size\">Filets de truite frais et fum\u00e9s (90%), vin blanc, huile d\u2019olive, sel, poivre.<\/p>\n\n\n\n<figure class=\"wp-block-image size-large\"><img loading=\"lazy\" decoding=\"async\" width=\"125\" height=\"144\" src=\"https:\/\/aquaferme.fr\/wp-content\/uploads\/2021\/09\/cuisine-gif-035.gif\" alt=\"\" class=\"wp-image-53\"\/><\/figure>\n\n\n\n<p class=\"has-medium-font-size\"><strong>Conseils pour la d\u00e9gustation<\/strong><\/p>\n\n\n\n<p class=\"has-medium-font-size\"><em><strong>Les terrines<\/strong><\/em> \u00e0 poser en fine tranche (\u00ab&nbsp;canap\u00e9&nbsp;\u00bb), sur tartine toast\u00e9e ou en cubes \u00e0 piquer agr\u00e9ment\u00e9 de tomate, salade, radis\u2026<\/p>\n\n\n\n<p class=\"has-medium-font-size\"><em><strong>Les Tartinades et R\u00e9gal<\/strong><\/em> \u00e0 \u00e9taler sur fine tranche de pain frais ou de pain grill\u00e9 \u2026<\/p>\n\n\n\n<p class=\"has-medium-font-size\"><strong><em>Les miettes<\/em> de truites <\/strong>(relev\u00e9es au vin blanc), id\u00e9ales pour \u00e9gayer vos salades fraiches ou un plat de p\u00e2tes.<\/p>\n\n\n\n<p class=\"has-medium-font-size\"><strong><em>La brandade<\/em> <\/strong>accompagn\u00e9e par exemple, de tranche de pain toast\u00e9 et aill\u00e9 avec un plat de riz ou une salade verte\u2026<\/p>\n\n\n\n<p class=\"has-medium-font-size\"><strong>Vous trouverez ces conserves dans des magasins r\u00e9gionaux proposant des produits artisanaux et fermiers :<\/strong><\/p>\n\n\n\n<p class=\"has-medium-font-size\">\u2013 <strong>\u00e0 Montguyon, (17)<\/strong>        Boucherie-Charcuterie-Epicerie BRODUT (Place de la mairie)<\/p>\n\n\n\n<p class=\"has-medium-font-size\"> <strong>&#8211; \u00e0 Montguyon (17)<\/strong>                   <a rel=\"noreferrer noopener\" href=\"https:\/\/www.montguyon.fr\/decouvrir-montguyon\/tourisme\/\" data-type=\"URL\" data-id=\"https:\/\/www.montguyon.fr\/decouvrir-montguyon\/tourisme\/\" target=\"_blank\">L&rsquo;Office du tourisme <\/a>            <\/p>\n\n\n\n<p class=\"has-medium-font-size\"><strong>\u2013 \u00e0 St Sorlin de Conac<\/strong> <strong>(17)<\/strong>&nbsp;  <a href=\"https:\/\/www.portvitrezay.com\/\">Le p\u00f4le nature de Vitrezay;<\/a><\/p>\n\n\n\n<p class=\"has-medium-font-size\"><strong>\u2013 \u00e0 Archiac (17)<\/strong>&nbsp;&nbsp;&nbsp;&nbsp;&nbsp;&nbsp;&nbsp;&nbsp;&nbsp;&nbsp;&nbsp;&nbsp;&nbsp;&nbsp;&nbsp;&nbsp; <a href=\"http:\/\/www.maisondelavigneetdessaveurs.com\/\">Maison de la Vigne et des Saveurs<\/a>;<\/p>\n\n\n\n<p><\/p>\n","protected":false},"excerpt":{"rendered":"<p>Vente de conserves artisanales L\u2019aquaferme de Saint Pierre du Palais propose un panel de conserves artisanales \u00e0 base de truite, alliant des produits sains, naturels et de qualit\u00e9. Les TARTINADES Nature 90g Filets de truite frais et fum\u00e9s (60%), cr\u00e8me fra\u00eeche, \u0153ufs entiers, huile d\u2019olive, sel, poivre. Piment d\u2019Espelette 90g Filets de truite frais et [&hellip;]<\/p>\n","protected":false},"author":1,"featured_media":0,"parent":2,"menu_order":2,"comment_status":"closed","ping_status":"closed","template":"","meta":{"site-sidebar-layout":"default","site-content-layout":"default","ast-site-content-layout":"default","site-content-style":"default","site-sidebar-style":"default","ast-global-header-display":"","ast-banner-title-visibility":"","ast-main-header-display":"","ast-hfb-above-header-display":"","ast-hfb-below-header-display":"","ast-hfb-mobile-header-display":"","site-post-title":"","ast-breadcrumbs-content":"","ast-featured-img":"","footer-sml-layout":"","ast-disable-related-posts":"","theme-transparent-header-meta":"default","adv-header-id-meta":"","stick-header-meta":"","header-above-stick-meta":"","header-main-stick-meta":"","header-below-stick-meta":"","astra-migrate-meta-layouts":"default","ast-page-background-enabled":"default","ast-page-background-meta":{"desktop":{"background-color":"var(--ast-global-color-4)","background-image":"","background-repeat":"repeat","background-position":"center center","background-size":"auto","background-attachment":"scroll","background-type":"","background-media":"","overlay-type":"","overlay-color":"","overlay-opacity":"","overlay-gradient":""},"tablet":{"background-color":"","background-image":"","background-repeat":"repeat","background-position":"center center","background-size":"auto","background-attachment":"scroll","background-type":"","background-media":"","overlay-type":"","overlay-color":"","overlay-opacity":"","overlay-gradient":""},"mobile":{"background-color":"","background-image":"","background-repeat":"repeat","background-position":"center center","background-size":"auto","background-attachment":"scroll","background-type":"","background-media":"","overlay-type":"","overlay-color":"","overlay-opacity":"","overlay-gradient":""}},"ast-content-background-meta":{"desktop":{"background-color":"var(--ast-global-color-5)","background-image":"","background-repeat":"repeat","background-position":"center center","background-size":"auto","background-attachment":"scroll","background-type":"","background-media":"","overlay-type":"","overlay-color":"","overlay-opacity":"","overlay-gradient":""},"tablet":{"background-color":"var(--ast-global-color-5)","background-image":"","background-repeat":"repeat","background-position":"center center","background-size":"auto","background-attachment":"scroll","background-type":"","background-media":"","overlay-type":"","overlay-color":"","overlay-opacity":"","overlay-gradient":""},"mobile":{"background-color":"var(--ast-global-color-5)","background-image":"","background-repeat":"repeat","background-position":"center center","background-size":"auto","background-attachment":"scroll","background-type":"","background-media":"","overlay-type":"","overlay-color":"","overlay-opacity":"","overlay-gradient":""}},"footnotes":""},"class_list":["post-23","page","type-page","status-publish","hentry"],"_links":{"self":[{"href":"https:\/\/aquaferme.fr\/index.php?rest_route=\/wp\/v2\/pages\/23","targetHints":{"allow":["GET"]}}],"collection":[{"href":"https:\/\/aquaferme.fr\/index.php?rest_route=\/wp\/v2\/pages"}],"about":[{"href":"https:\/\/aquaferme.fr\/index.php?rest_route=\/wp\/v2\/types\/page"}],"author":[{"embeddable":true,"href":"https:\/\/aquaferme.fr\/index.php?rest_route=\/wp\/v2\/users\/1"}],"replies":[{"embeddable":true,"href":"https:\/\/aquaferme.fr\/index.php?rest_route=%2Fwp%2Fv2%2Fcomments&post=23"}],"version-history":[{"count":11,"href":"https:\/\/aquaferme.fr\/index.php?rest_route=\/wp\/v2\/pages\/23\/revisions"}],"predecessor-version":[{"id":448,"href":"https:\/\/aquaferme.fr\/index.php?rest_route=\/wp\/v2\/pages\/23\/revisions\/448"}],"up":[{"embeddable":true,"href":"https:\/\/aquaferme.fr\/index.php?rest_route=\/wp\/v2\/pages\/2"}],"wp:attachment":[{"href":"https:\/\/aquaferme.fr\/index.php?rest_route=%2Fwp%2Fv2%2Fmedia&parent=23"}],"curies":[{"name":"wp","href":"https:\/\/api.w.org\/{rel}","templated":true}]}}