{"id":2,"date":"2020-12-15T14:55:13","date_gmt":"2020-12-15T13:55:13","guid":{"rendered":"http:\/\/aquaferme.fr\/?page_id=2"},"modified":"2022-03-13T12:47:15","modified_gmt":"2022-03-13T11:47:15","slug":"page-d-exemple","status":"publish","type":"page","link":"https:\/\/aquaferme.fr\/","title":{"rendered":"L&rsquo;Aquaferme d&rsquo;\u00e9tang de Saint Pierre du Palais"},"content":{"rendered":"\n<div class=\"wp-block-image\"><figure class=\"aligncenter size-large is-resized\"><img loading=\"lazy\" decoding=\"async\" src=\"https:\/\/aquaferme.fr\/wp-content\/uploads\/2021\/09\/Etang-accueil-edited.jpg\" alt=\"\" class=\"wp-image-70\" width=\"1038\" height=\"648\" srcset=\"https:\/\/aquaferme.fr\/wp-content\/uploads\/2021\/09\/Etang-accueil-edited.jpg 730w, https:\/\/aquaferme.fr\/wp-content\/uploads\/2021\/09\/Etang-accueil-edited-300x187.jpg 300w\" sizes=\"auto, (max-width: 1038px) 100vw, 1038px\" \/><\/figure><\/div>\n\n\n\n<p class=\"has-secondary-color has-text-color\" style=\"font-size:1px\">Ceci est une page d\u2019exemple. C\u2019est diff\u00e9rent d\u2019un article de blog parce qu\u2019elle restera au m\u00eame endroit et appara\u00eetra dans la navigation de votre site (dans la plupart des th\u00e8mes). La plupart des gens commencent par une page \u00ab\u00a0\u00c0 propos\u00a0\u00bb qui les pr\u00e9sente aux visiteurs du site. Cela pourrait ressembler \u00e0 quelquL<\/p>\n\n\n\n<p class=\"has-medium-font-size\">La ferme aquacole de <a rel=\"noreferrer noopener\" href=\"https:\/\/fr.wikipedia.org\/wiki\/Saint-Pierre-du-Palais\" data-type=\"URL\" data-id=\"https:\/\/fr.wikipedia.org\/wiki\/Saint-Pierre-du-Palais\" target=\"_blank\">Saint Pierre du Palais<\/a> s&rsquo;inscrit dans une d\u00e9marche de pisciculture raisonn\u00e9e. <\/p>\n\n\n\n<p class=\"has-medium-font-size\">Les bassins sont aliment\u00e9s en permanence par plusieurs sources naturelles.<\/p>\n\n\n\n<p class=\"has-medium-font-size\">Ces bassins dispos\u00e9s gravitairement se d\u00e9versent en aval dans des espaces successifs v\u00e9g\u00e9talis\u00e9s contribuant \u00e0 l&rsquo;\u00e9puration de l&rsquo;eau.<\/p>\n\n\n\n<p class=\"has-medium-font-size\">L&rsquo;aquaferme de Saint Pierre du Palais se place dans une activit\u00e9 d&rsquo;aquaculture durable et s&rsquo;inscrit dans une d\u00e9marche de qualit\u00e9 \u00e0 la fois des \u00e9cosyst\u00e8mes mais \u00e9galement des produits qui en sont issus&#8230;<\/p>\n\n\n\n<p class=\"has-medium-font-size\">La pisciculture d&rsquo;\u00e9tang s&rsquo;int\u00e8gre par ses caract\u00e9ristiques au territoire de <a rel=\"noreferrer noopener\" href=\"https:\/\/fr.wikipedia.org\/wiki\/Communaut%C3%A9_de_communes_de_la_Haute_Saintonge\" target=\"_blank\">Haute Saintonge<\/a>, d\u00e9j\u00e0 riche de nombreux produits naturels.<\/p>\n\n\n\n<p class=\"has-medium-font-size\"><strong>Dans le respect d&rsquo;une gestion raisonn\u00e9e d&rsquo;\u00e9tang, nous proposons :<\/strong><\/p>\n\n\n\n<ul class=\"has-medium-font-size wp-block-list\"><li><a href=\"https:\/\/aquaferme.fr\/?page_id=21\" data-type=\"URL\" data-id=\"https:\/\/aquaferme.fr\/?page_id=21\">L<strong>a vente de poissons vivants (d\u00e9tail et demi-gros)<\/strong><\/a><\/li><\/ul>\n\n\n\n<p class=\"has-medium-font-size\"><strong>L<\/strong>es bassins de l&rsquo;aquaferme et les \u00e9tangs permettent de disposer d&rsquo;une large vari\u00e9t\u00e9 de poissons.<\/p>\n\n\n\n<p class=\"has-medium-font-size\">Certaines esp\u00e8ces telles que diff\u00e9rentes vari\u00e9t\u00e9s de carpes, des tanches, des gardons et des goujons sont disponibles une bonne partie de l&rsquo;ann\u00e9e car localis\u00e9es dans les bassins de la ferme aquacole. <\/p>\n\n\n\n<p class=\"has-medium-font-size\">Les truites sont propos\u00e9es \u00e0 certains moments, en p\u00e9riode de pleine eau.<\/p>\n\n\n\n<p class=\"has-medium-font-size\">D&rsquo;autres esp\u00e8ces ou certaines tailles de poisson peuvent demander un d\u00e9lai, car n\u00e9cessitent une p\u00eache en \u00e9tang ou une p\u00e9riode plus propice afin de respecter le cycle biologique de chaque poisson.<\/p>\n\n\n\n<ul class=\"has-medium-font-size wp-block-list\"><li><strong><a href=\"https:\/\/aquaferme.fr\/?page_id=18\" data-type=\"URL\" data-id=\"https:\/\/aquaferme.fr\/?page_id=18\">Le conseil et la gestion piscicole<\/a><\/strong><\/li><\/ul>\n\n\n\n<p class=\"has-medium-font-size\"><strong>D<\/strong>es exp\u00e9riences diverses en pisciculture d&rsquo;\u00e9tang, d&rsquo;\u00e9levages aquacoles en marais et en salmoniculture ainsi que des formations m&rsquo;ont permis d&rsquo;appr\u00e9hender la gestion de l&rsquo;eau et des \u00e9cosyst\u00e8mes, tant du point de vue biologique que physicochimique et technique.  La maitrise de ces \u00e9l\u00e9ments permet d&rsquo;optimiser notablement le d\u00e9veloppement des poissons d&rsquo;eau douce et l&rsquo;\u00e9quilibre des esp\u00e8ces dans le respect de l\u2019environnement. <\/p>\n\n\n\n<p class=\"has-medium-font-size\">Le conseil peut faire l&rsquo;objet en amont d&rsquo;une \u00e9tude succincte tenant compte des sp\u00e9cificit\u00e9s du site et du projet, permettant \u00e9ventuellement l&rsquo;\u00e9tablissement d&rsquo;un devis d\u00e9taill\u00e9.    Ce document pr\u00e9cise les apports n\u00e9cessaires et les\u00a0possibilit\u00e9s li\u00e9es \u00e0 l&rsquo;usage recherch\u00e9.\u00a0<\/p>\n\n\n\n<p class=\"has-medium-font-size\">&nbsp;L&rsquo;entretien piscicole d&rsquo;\u00e9tang se traduit par un suivi des param\u00e8tres physicochimiques, une optimisation de l&rsquo;\u00e9cosyst\u00e8me (contr\u00f4le et maintien des fray\u00e8res, fertilisation&#8230;.), le contr\u00f4le des nuisibles, l&#8217;empoissonnement raisonn\u00e9, la p\u00eache, l&rsquo;assec.<\/p>\n\n\n\n<ul class=\"has-medium-font-size wp-block-list\"><li><strong><a href=\"https:\/\/aquaferme.fr\/?page_id=21https:\/\/aquaferme.fr\/?page_id=23\" data-type=\"URL\" data-id=\"https:\/\/aquaferme.fr\/?page_id=21https:\/\/aquaferme.fr\/?page_id=23\">La vente de conserves artisanales<\/a><\/strong><\/li><\/ul>\n\n\n\n<p class=\"has-medium-font-size\">Des recettes originales, le choix d\u2019ingr\u00e9dients naturels et des poissons \u00e9lev\u00e9s de mani\u00e8re raisonn\u00e9e permettent de proposer des conserves artisanales de poissons vivement appr\u00e9ci\u00e9es par les gourmets. Parmi celles-ci, notamment, des terrines et tartinades de truites.<\/p>\n\n\n\n<p class=\"has-medium-font-size\">Ces mets sont \u00e9labor\u00e9s dans un laboratoire aux normes Europ\u00e9ennes respectant toutes les garanties de qualit\u00e9s.<\/p>\n","protected":false},"excerpt":{"rendered":"<p>La ferme aquacole de Saint Pierre du Palais s&rsquo;inscrit dans une d\u00e9marche de pisciculture raisonn\u00e9e. Les bassins sont aliment\u00e9s en permanence par plusieurs sources naturelles. Ces bassins dispos\u00e9s gravitairement se d\u00e9versent en aval dans des espaces successifs v\u00e9g\u00e9talis\u00e9s contribuant \u00e0 l&rsquo;\u00e9puration de l&rsquo;eau. L&rsquo;aquaferme de Saint Pierre du Palais se place dans une activit\u00e9 d&rsquo;aquaculture [&hellip;]<\/p>\n","protected":false},"author":1,"featured_media":0,"parent":0,"menu_order":1,"comment_status":"closed","ping_status":"open","template":"","meta":{"site-sidebar-layout":"right-sidebar","site-content-layout":"default","ast-site-content-layout":"default","site-content-style":"default","site-sidebar-style":"default","ast-global-header-display":"","ast-banner-title-visibility":"","ast-main-header-display":"","ast-hfb-above-header-display":"","ast-hfb-below-header-display":"","ast-hfb-mobile-header-display":"","site-post-title":"","ast-breadcrumbs-content":"","ast-featured-img":"","footer-sml-layout":"","ast-disable-related-posts":"","theme-transparent-header-meta":"default","adv-header-id-meta":"","stick-header-meta":"","header-above-stick-meta":"","header-main-stick-meta":"","header-below-stick-meta":"","astra-migrate-meta-layouts":"default","ast-page-background-enabled":"default","ast-page-background-meta":{"desktop":{"background-color":"var(--ast-global-color-4)","background-image":"","background-repeat":"repeat","background-position":"center center","background-size":"auto","background-attachment":"scroll","background-type":"","background-media":"","overlay-type":"","overlay-color":"","overlay-opacity":"","overlay-gradient":""},"tablet":{"background-color":"","background-image":"","background-repeat":"repeat","background-position":"center center","background-size":"auto","background-attachment":"scroll","background-type":"","background-media":"","overlay-type":"","overlay-color":"","overlay-opacity":"","overlay-gradient":""},"mobile":{"background-color":"","background-image":"","background-repeat":"repeat","background-position":"center center","background-size":"auto","background-attachment":"scroll","background-type":"","background-media":"","overlay-type":"","overlay-color":"","overlay-opacity":"","overlay-gradient":""}},"ast-content-background-meta":{"desktop":{"background-color":"var(--ast-global-color-5)","background-image":"","background-repeat":"repeat","background-position":"center center","background-size":"auto","background-attachment":"scroll","background-type":"","background-media":"","overlay-type":"","overlay-color":"","overlay-opacity":"","overlay-gradient":""},"tablet":{"background-color":"var(--ast-global-color-5)","background-image":"","background-repeat":"repeat","background-position":"center center","background-size":"auto","background-attachment":"scroll","background-type":"","background-media":"","overlay-type":"","overlay-color":"","overlay-opacity":"","overlay-gradient":""},"mobile":{"background-color":"var(--ast-global-color-5)","background-image":"","background-repeat":"repeat","background-position":"center center","background-size":"auto","background-attachment":"scroll","background-type":"","background-media":"","overlay-type":"","overlay-color":"","overlay-opacity":"","overlay-gradient":""}},"footnotes":""},"class_list":["post-2","page","type-page","status-publish","hentry"],"_links":{"self":[{"href":"https:\/\/aquaferme.fr\/index.php?rest_route=\/wp\/v2\/pages\/2","targetHints":{"allow":["GET"]}}],"collection":[{"href":"https:\/\/aquaferme.fr\/index.php?rest_route=\/wp\/v2\/pages"}],"about":[{"href":"https:\/\/aquaferme.fr\/index.php?rest_route=\/wp\/v2\/types\/page"}],"author":[{"embeddable":true,"href":"https:\/\/aquaferme.fr\/index.php?rest_route=\/wp\/v2\/users\/1"}],"replies":[{"embeddable":true,"href":"https:\/\/aquaferme.fr\/index.php?rest_route=%2Fwp%2Fv2%2Fcomments&post=2"}],"version-history":[{"count":31,"href":"https:\/\/aquaferme.fr\/index.php?rest_route=\/wp\/v2\/pages\/2\/revisions"}],"predecessor-version":[{"id":447,"href":"https:\/\/aquaferme.fr\/index.php?rest_route=\/wp\/v2\/pages\/2\/revisions\/447"}],"wp:attachment":[{"href":"https:\/\/aquaferme.fr\/index.php?rest_route=%2Fwp%2Fv2%2Fmedia&parent=2"}],"curies":[{"name":"wp","href":"https:\/\/api.w.org\/{rel}","templated":true}]}}